4.
52
Calculate the greatest common divisor of 1431 and 270.
27
What is the greatest common divisor of 12 and 9876?
12
What is the highest common divisor of 31 and 14167?
31
Calculate the highest common divisor of 232 and 16.
8
What is the greatest common factor of 6804 and 154?
14
Calculate the greatest common factor of 6 and 48.
6
What is the greatest common factor of 9 and 321?
3
What is the greatest common divisor of 416 and 39?
13
What is the greatest common factor of 232 and 56?
8
What is the greatest common factor of 135 and 16410?
15
Calculate the highest common divisor of 4900 and 20.
20
Calculate the highest common divisor of 55 and 9295.
55
Calculate the greatest common factor of 620 and 20.
20
What is the greatest common factor of 4356 and 11?
11
What is the highest common factor of 1355 and 10?
5
Calculate the greatest common factor of 414 and 90.
18
What is the highest common factor of 240 and 75?
15
Calculate the highest common divisor of 403 and 31.
31
What is the highest common factor of 12 and 330?
6
What is the greatest common divisor of 275 and 495?
55
Calculate the highest common divisor of 813 and 12.
3
Calculate the greatest common divisor of 14350 and 70.
70
Calculate the highest common divisor of 1426 and 552.
46
What is the highest common factor of 24 and 1176?
24
What is the greatest common divisor of 144 and 3654?
18
Calculate the highest common factor of 78 and 42.
6
What is the highest common factor of 13 and 1391?
13
What is the greatest common divisor of 66 and 418?
22
What is the greatest common factor of 10 and 6?
2
What is the highest common divisor of 1127 and 644?
161
What is the highest common factor of 138 and 6?
6
What is the greatest common factor of 186 and 2759?
31
What is the greatest common factor of 854 and 14?
14
Calculate the greatest common divisor of 361 and 95.
19
What is the highest common factor of 325 and 75?
25
Calculate the highest common divisor of 1922 and 31.
31
What is the greatest common divisor of 2550 and 45?
15
What is the greatest common divisor of 5922 and 378?
126
Calculate the highest common factor of 754 and 26.
26
Calculate the highest common divisor of 296 and 24.
8
What is the greatest common divisor of 12 and 1146?
6
Calculate the highest common divisor of 49 and 8281.
49
Calculate the highest common factor of 52 and 1.
1
What is the highest common factor of 145 and 493?
29
What is the highest common divisor of 35821 and 113?
113
Calculate the highest common divisor of 29 and 145.
29
Calculate the greatest common divisor of 41 and 7.
1
What is the highest common divisor of 447 and 1490?
149
Calculate the greatest common divisor of 6 and 2.
2
What is the highest common factor of 24 and 11112?
24
What is the greatest common divisor of 1836 and 108?
108
Calculate the greatest common factor of 440 and 748.
44
Calculate the greatest common factor of 3888 and 48.
48
Calculate the highest common factor of 950 and 50.
50
Calculate the greatest common factor of 1120 and 1008.
112
Calculate the greatest common factor of 117 and 117.
117
What is the greatest common divisor of 9195 and 15?
15
What is the highest common factor of 785 and 15?
5
What is the greatest common divisor of 19506 and 6?
6
What is the highest common factor of 308 and 84?
28
Calculate the greatest common factor of 670 and 150.
10
What is the greatest common factor of 88 and 1144?
88
Calculate the greatest common factor of 8003 and 151.
151
What is the highest common factor of 540 and 864?
108
Calculate the greatest common divisor of 33 and 9273.
33
What is the greatest common divisor of 13481 and 17?
17
What is the greatest common divisor of 15 and 2715?
15
Calculate the greatest common factor of 47 and 47.
47
What is the greatest common divisor of 72 and 135?
9
What is the greatest common factor of 273 and 39?
39
What is the highest common divisor of 14278 and 11?
11
What is the highest common divisor of 31 and 124?
31
What is the greatest common factor of 1537 and 203?
29
Calculate the greatest common divisor of 834 and 6.
6
What is the greatest common divisor of 48 and 88?
8
What is the highest common factor of 33 and 5478?
33
What is the greatest common factor of 26 and 34?
2
What is the greatest common factor of 132 and 300?
12
Calculate the highest common factor of 85 and 2805.
85
What is the greatest common divisor of 1680 and 42?
42
Calculate the highest common factor of 1680 and 70.
70
Calculate the highest common divisor of 224 and 72.
8
Calculate the highest common factor of 1243 and 11.
11
What is the greatest common factor of 26 and 68536?
26
Calculate the greatest common divisor of 1120 and 28.
28
Calculate the highest common factor of 80 and 135.
5
What is the greatest common divisor of 6 and 618?
6
What is the highest common factor of 3 and 46?
1
Calculate the greatest common divisor of 2613 and 1809.
201
What is the greatest common divisor of 11 and 341?
11
What is the highest common divisor of 4738 and 92?
46
What is the greatest common factor of 207 and 1104?
69
What is the greatest common factor of 1099 and 1413?
157
Calculate the greatest common factor of 459 and 2106.
27
Calculate the greatest common divisor of 2425 and 25.
25
Calculate the highest common factor of 8930 and 570.
190
What is the greatest common factor of 1711 and 944?
59
What is the highest common divisor of 7461 and 9?
9
Calculate the greatest common factor of 1659 and 147.
21
What is the greatest common divisor of 4 and 522?
2
What is the highest common factor of 330 and 120?
30
Calculate the highest common factor of 72 and 5706.
18
What is the highest common divisor of 125 and 75?
25
What is the highest common divisor of 456 and 1482?
114
Calculate the highest common divisor of 2 and 1968.
2
What is the greatest common factor of 16 and 3568?
16
What is the greatest common factor of 19 and 16207?
19
What is the greatest common factor of 4500 and 432?
36
What is the greatest common factor of 9420 and 120?
60
Calculate the greatest common factor of 320 and 300.
20
Calculate the greatest common divisor of 44 and 56.
4
What is the greatest common divisor of 3810 and 90?
30
Calculate the greatest common factor of 4 and 188.
4
Calculate the highest common factor of 12 and 1566.
6
What is the greatest common divisor of 455 and 14?
7
Calculate the greatest common factor of 228 and 1536.
12
What is the highest common divisor of 10183 and 34?
17
Calculate the highest common divisor of 11745 and 180.
45
What is the highest common divisor of 1298 and 472?
118
Calculate the greatest common divisor of 442 and 34.
34
What is the highest common factor of 176 and 1298?
22
What is the highest common divisor of 16 and 29744?
16
What is the highest common divisor of 111 and 7622?
37
Calculate the greatest common divisor of 143 and 11.
11
What is the greatest common factor of 68 and 442?
34
Calculate the highest common divisor of 2233 and 5104.
319
Calculate the highest common divisor of 30 and 66.
6
What is the highest common divisor of 100 and 16?
4
Calculate the highest common factor of 51 and 476.
17
What is the highest common divisor of 8 and 29376?
8
Calculate the greatest common divisor of 957 and 22.
11
Calculate the greatest common factor of 10944 and 64.
64
What is the highest common factor of 880 and 1210?
110
What is the greatest common divisor of 494 and 266?
38
What is the highest common factor of 98 and 490?
98
Calculate the greatest common factor of 93 and 1209.
93
What is the greatest common factor of 5320 and 56?
56
Calculate the greatest common divisor of 404 and 909.
101
Calculate the highest common divisor of 121 and 44.
11
Calculate the highest common factor of 1235 and 2015.
65
Calculate the highest common factor of 12453 and 42.
21
What is the greatest common divisor of 29 and 522?
29
Calculate the highest common factor of 5 and 115.
5
What is the greatest common divisor of 164 and 205?
41
Calculate the greatest common divisor of 513 and 45.
9
What is the greatest common factor of 220 and 80?
20
Calculate the highest common factor of 16845 and 30.
15
Calculate the greatest common factor of 56 and 322.
14
Calculate the highest common factor of 69 and 96.
3
What is the highest common factor of 355 and 5?
5
Calculate 